e 13) in base 4?
-100
What is -16 (base 15) in base 5?
-41
-8 (base 13) to base 15
-8
Convert 214 (base 5) to base 6.
135
-17 (base 13) to base 9
-22
What is -1 (base 7) in base 2?
-1
-2 (base 11) to base 6
-2
0 (base 11) to base 10
0
-8 (base 14) to base 12
-8
What is 10 (base 4) in base 6?
4
-3 (base 12) to base 15
-3
What is -5 (base 10) in base 15?
-5
Convert 5 (base 6) to base 15.
5
Convert 21 (base 4) to base 10.
9
Convert 10 (base 5) to base 4.
11
5 (base 9) to base 10
5
What is 3 (base 9) in base 4?
3
What is 1 (base 11) in base 14?
1
66 (base 11) to base 13
57
What is 0 (base 2) in base 14?
0
-1 (base 9) to base 2
-1
What is -24 (base 16) in base 3?
-1100
What is -1011011 (base 2) in base 3?
-10101
What is -100001 (base 2) in base 13?
-27
What is -80 (base 12) in base 9?
-116
What is -12 (base 3) in base 9?
-5
What is -11011100 (base 2) in base 8?
-334
Convert 13 (base 11) to base 7.
20
-15 (base 12) to base 11
-16
Convert -12 (base 8) to base 13.
-a
7 (base 13) to base 5
12
Convert -12 (base 4) to base 12.
-6
What is 23 (base 5) in base 10?
13
0 (base 5) to base 2
0
-45 (base 7) to base 5
-113
Convert -b (base 16) to base 15.
-b
Convert 3 (base 5) to base 15.
3
What is 0 (base 6) in base 13?
0
-14 (base 12) to base 7
-22
ec (base 16) to base 13
152
What is -4 (base 9) in base 6?
-4
Convert 3 (base 9) to base 3.
10
-210 (base 4) to base 12
-30
What is -3 (base 14) in base 16?
-3
0 (base 11) to base 3
0
Convert -2 (base 8) to base 14.
-2
What is 130 (base 4) in base 11?
26
What is -2 (base 8) in base 9?
-2
-1 (base 3) to base 16
-1
What is -21 (base 4) in base 7?
-12
What is 40 (base 9) in base 4?
210
What is -43 (base 5) in base 15?
-18
Convert a (base 13) to base 9.
11
Convert 30 (base 13) to base 6.
103
What is 14 (base 7) in base 14?
b
1022 (base 3) to base 10
35
What is -23 (base 15) in base 7?
-45
What is 4d (base 15) in base 13?
58
Convert -240 (base 6) to base 11.
-88
Convert -2 (base 13) to base 5.
-2
1101 (base 3) to base 5
122
5 (base 15) to base 7
5
Convert 6 (base 7) to base 13.
6
Convert 100 (base 4) to base 13.
13
What is -21 (base 5) in base 16?
-b
Convert -2 (base 10) to base 16.
-2
0 (base 12) to base 16
0
What is -25 (base 8) in base 11?
-1a
What is -72 (base 10) in base 5?
-242
What is 2 (base 4) in base 8?
2
What is -4b (base 16) in base 15?
-50
Convert -1 (base 13) to base 5.
-1
Convert 1b (base 12) to base 3.
212
Convert -135 (base 7) to base 6.
-203
What is -2 (base 15) in base 6?
-2
What is -11 (base 4) in base 9?
-5
What is 4 (base 9) in base 11?
4
Convert -2 (base 11) to base 8.
-2
-1 (base 10) to base 11
-1
What is -3 (base 9) in base 11?
-3
Convert -b (base 15) to base 16.
-b
What is 0 (base 7) in base 16?
0
Convert -1 (base 13) to base 14.
-1
What is 0 (base 7) in base 14?
0
Convert -100 (base 2) to base 15.
-4
What is 23 (base 11) in base 13?
1c
Convert 0 (base 8) to base 3.
0
Convert 160 (base 7) to base 8.
133
What is 12 (base 5) in base 10?
7
What is 87 (base 12) in base 9?
124
5 (base 12) to base 8
5
311 (base 7) to base 2
10011011
Convert -7 (base 9) to base 7.
-10
Convert -145 (base 9) to base 3.
-11112
Convert 522 (base 7) to base 9.
320
What is 4 (base 14) in base 10?
4
What is -5 (base 9) in base 7?
-5
What is 6 (base 9) in base 2?
110
Convert -4 (base 13) to base 6.
-4
Convert -210 (base 6) to base 5.
-303
-2 (base 13) to base 16
-2
Convert -123 (base 5) to base 15.
-28
What is -151 (base 8) in base 10?
-105
What is 22 (base 6) in base 4?
32
Convert -10 (base 4) to base 6.
-4
What is 4 (base 9) in base 12?
4
Convert 10111000 (base 2) to base 8.
270
What is -20 (base 3) in base 10?
-6
Convert -2 (base 8) to base 7.
-2
-134 (base 6) to base 2
-111010
What is -ba (base 12) in base 8?
-216
-67 (base 10) to base 15
-47
What is -266 (base 7) in base 12?
-102
5 (base 13) to base 11
5
63 (base 10) to base 6
143
-10 (base 2) to base 7
-2
What is -16 (base 13) in base 7?
-25
What is 6 (base 8) in base 4?
12
What is 1232 (base 4) in base 16?
6e
Convert -3 (base 16) to base 10.
-3
What is -c (base 13) in base 8?
-14
Convert 10 (base 2) to base 8.
2
What is 9 (base 15) in base 12?
9
4 (base 7) to base 9
4
Convert -224 (base 9) to base 5.
-1214
What is -16b (base 12) in base 14?
-123
5 (base 14) to base 15
5
What is 110 (base 6) in base 5?
132
What is 2 (base 15) in base 6?
2
111110 (base 3) to base 2
101101011
Convert 55 (base 6) to base 11.
32
Convert -2 (base 6) to base 4.
-2
What is 30 (base 7) in base 4?
111
What is -4 (base 10) in base 8?
-4
11002 (base 3) to base 2
1101110
-2 (base 13) to base 5
-2
-2 (base 15) to base 10
-2
Convert 1000000 (base 2) to base 7.
121
-64 (base 7) to base 6
-114
Convert 1110 (base 2) to base 6.
22
-1 (base 13) to base 3
-1
-10 (base 4) to base 13
-4
234 (base 6) to base 15
64
What is -21 (base 15) in base 2?
-11111
What is 12 (base 13) in base 3?
120
Convert 21 (base 9) to base 5.
34
-7 (base 8) to base 9
-7
Convert 100 (base 3) to base 13.
9
-3 (base 12) to base 8
-3
-2 (base 6) to base 13
-2
4 (base 10) to base 2
100
Convert 2 (base 3) to base 7.
2
11 (base 5) to base 9
6
Convert 10032 (base 4) to base 10.
270
What is 16 (base 15) in base 5?
41
-50 (base 7) to base 5
-120
Convert -12 (base 13) to base 5.
-30
1a1 (base 12) to base 2
100001001
Convert 212 (base 3) to base 8.
27
-271 (base 9) to base 12
-16a
What is 165 (base 13) in base 4?
3330
Convert 2 (base 16) to base 2.
10
-2b (base 12) to base 3
-1022
17 (base 15) to base 4
112
Convert -6 (base 9) to base 7.
-6
What is 0 (base 16) in base 2?
0
What is 11 (base 6) in base 2?
111
What is -20 (base 3) in base 4?
-12
Convert 3 (base 6) to base 8.
3
Convert 1a (base 12) to base 16.
16
What is -15 (base 7) in base 8?
-14
What is -13 (base 15) in base 3?
-200
Convert -150 (base 6) to base 9.
-73
-100 (base 4) to base 12
-14
-b (base 12) to base 14
-b
-1a6 (base 12) to base 11
-226
Convert -110110 (base 2) to base 8.
-66
-2 (base 16) to base 5
-2
What is -3 (base 10) in base 16?
-3
What is -2002 (base 3) in base 13?
-44
What is 24 (base 7) in base 11?
17
Convert 24 (base 5) to base 9.
15
What is 16 (base 8) in base 10?
14
-5 (base 16) to base 2
-101
3 (base 15) to base 6
3
-4 (base 12) to base 15
-4
11011001 (base 2) to base 8
331
Convert -5d (base 15) to base 3.
-10021
1 (base 5) to base 12
1
Convert 114 (base 5) to base 8.
42
23 (base 13) to base 3
1002
What is -12 (base 10) in base 11?
-11
Convert 4 (base 16) to base 6.
4
101 (base 2) to base 14
5
-5 (base 16) to base 7
-5
What is -13 (base 8) in base 5?
-21
What is 23 (base 4) in base 9?
12
10 (base 13) to base 6
21
What is a (base 12) in base 11?
a
-80 (base 14) to base 6
-304
Convert 20020 (base 3) to base 15.
b3
What is 21 (base 11) in base 10?
23
20 (base 3) to base 10
6
What is 111100 (base 2) in base 11?
55
What is 1bd (base 14) in base 8?
553
5 (base 16) to base 4
11
What is -11 (base 4) in base 14?
-5
What is 8 (base 16) in base 10?
8
What is 10 (base 12) in base 13?
c
Convert 12 (base 8) to base 10.
10
Convert -6 (base 12) to base 15.
-6
93 (base 10) to base 3
10110
Convert -7 (base 12) to base 15.
-7
What is 110 (base 2) in base 12?
6
What is 1 (base 2) in base 3?
1
Convert 10 (base 3) to base 15.
3
-14 (base 14) to base 8
-22
Convert -2 (base 4) to base 6.
-2
64 (base 8) to base 15
37
-3 (base 9) to base 14
-3
24 (base 7) to base 11
17
What is -101 (base 3) in base 5?
-20
145 (base 13) to base 8
342
Convert -10 (base 2) to base 3.
-2
Convert -1 (base 6) to base 12.
-1
Convert 105 (base 9) to base 3.
10012
3 (base 15) to base 9
3
Convert -5 (base 11) to base 3.
-12
Convert -43 (base 8) to base 7.
-50
-1110111 (base 2) to base 3
-11102
What is -10 (base 11) in base 2?
-1011
What is 1110 (base 2) in base 6?
22
What is 102110 (base 3) in base 7?
621
Convert -2 (base 10) to base 16.
-2
-23 (base 4) to base 8
-13
7 (base 11) to base 10
7
What is -1 (base 12) in base 14?
-1
Convert -122 (base 4) to base 14.
-1c
1 (base 15) to base 2
1
-3 (base 7) to base 9
-3
Convert 7 (base 16) to base 8.
7
-2 (base 6) to base 12
-2
-2030 (base 4) to base 2
-10001100
8 (base 11) to base 13
8
c (base 13) to base 5
22
Convert -158 (base 11) to base 8.
-270
-3 (base 15) to base 9
-3
What is -8 (base 14) in base 2?
-1000
What is -cb (base 15) in base 9?
-232
Convert -11 (base 8) to